- q/(-6)?
3
Suppose 5 = -5*m - 6*a + a, 2*a = -5*m + 4. What is the tens digit of 3 + -4 - -2*11/m?
1
Suppose -4*i + 4*n + 9 = -11, -3*n - 6 = 0. Let k be 13/(i + -2 + 0). Let t = k + -2. What is the units digit of t?
1
Let s = -1 + 3. Let k be 2*(4/(-1))/s. What is the units digit of k/(-6) - 28/(-21)?
2
Let q = -40 - -19. Let c = q - -30. Suppose c*u - 150 = 4*u. What is the units digit of u?
0
Let x = -380 + 1857. What is the hundreds digit of x?
4
Let b(m) = 4*m**3 + 9*m**2 - 5*m - 6. What is the hundreds digit of b(7)?
7
Suppose 0 = 9*k - 3*k - 78. Suppose 5*v - k = 12. Suppose 3*s = -v*j + 60, 4*s + 6 - 60 = 2*j. What is the units digit of s?
5
Suppose -40*a + 9*a = -11470. What is the tens digit of a?
7
Suppose 71 = 6*s - 163. Suppose 120 = -s*h + 43*h. What is the tens digit of h?
3
Let q(u) = 2*u**2 - 4*u + 7. Let d(k) = 3*k**2 - 4*k + 6. Let x(n) = 4*d(n) - 3*q(n). Let g be x(2). Suppose -2*y = g - 103. What is the tens digit of y?
4
Let t = 145 - 143. Suppose 4*i + 3*d - 62 = 0, -i - i = 3*d - 34. Let f = t + i. What is the units digit of f?
6
Let v be ((-2)/(-1))/1 - -1. Suppose 2*t - h - 6 = -0*h, -t + 2*h - v = 0. What is the units digit of t?
5
Let q(f) = f**2 - 18*f + 23. Let p be q(7). Let r = p - -69. What is the tens digit of r?
1
Suppose 0 = 3*c + 5*p - 10126, 2*c - 3365 = p + 3390. What is the tens digit of c?
7
Let w(r) = -5*r**3 + r**2 - 2. Let v be w(-1). Suppose 4*t - 2*p - 220 = 0, 3*t - 8 = -v*p + 168. What is the tens digit of t?
5
Let q = -72 + 242. Let l = q + -121. What is the tens digit of l?
4
What is the units digit of 16854/42 - 4/14?
1
Let o(n) = n**3 + 20*n**2 - 7*n - 19. What is the hundreds digit of o(-9)?
9
Let s = -12 + -11. Let c = s + 14. Let i = c - -27. What is the units digit of i?
8
Let w(z) = -2*z. Suppose r = -2 + 3. Let y be w(r). What is the tens digit of (y + 30)/2 - -2?
1
Let s = 12 - -23. Suppose -4*m = -33 - s. What is the units digit of m?
7
Suppose 8*u - 12791 = 10009. What is the hundreds digit of u?
8
What is the thousands digit of 113296/22 + (-2)/(-11)?
5
Suppose 0 = -244*v + 255*v - 12331. What is the thousands digit of v?
1
Suppose -p + b - 4*b = -769, -5*p - 5*b + 3795 = 0. What is the hundreds digit of p?
7
Let k(b) = -b**3 - 2*b**2 - b + 2. Let m be k(-6). Let u = m - 76. What is the tens digit of u?
7
Let r(o) = o**3 + 10*o**2 + 10*o + 27. What is the tens digit of r(-8)?
7
Let q = -4 + 9. Suppose 4*u - 16 = -2*g, -q*u + 16 = 1. Suppose 5*c = g*k + k + 205, 0 = 4*k - 20. What is the units digit of c?
4
What is the hundreds digit of 2*(-188)/(-4)*11?
0
Suppose 21*f = 98*f - 163394. What is the tens digit of f?
2
Suppose -5*d = -10*d - 10. Let s = -5 - d. What is the units digit of 7 + (3 - (-12)/s)?
6
Suppose -11 = 5*u - 2*h, 0*h = u + 5*h - 14. Let v = u + 4. Suppose m + v*m - 88 = 0. What is the tens digit of m?
2
Suppose -m + i + 383 = 0, 3*i = 3*m - 2*m - 385. What is the hundreds digit of m?
3
Suppose 4*u + 0*u + 11 = -3*m, -5*u - 10 = 5*m. Suppose -i + 135 = m*c, c = 3*i - c - 383. What is the units digit of i?
9
Suppose 12*o - 1596 - 180 = 0. What is the units digit of o?
8
Let r(k) = -2*k**3 + k - 14. Let t be r(0). Let v = -11 - t. Suppose -8*b - 4*g + 64 = -4*b, -v*g + 6 = 0. What is the units digit of b?
4
Let h = 21 - 13. Let c be 1/4 - 18/h. Let u = 4 + c. What is the units digit of u?
2
Suppose 0 = -q + 7*b - 3*b + 130, -5*q + 2*b + 686 = 0. Let d = q - 69. What is the tens digit of d?
6
Suppose -c + 2*u = 2, u - 2 = -0. Let d(y) = -2*y - 6 - 15*y**2 - 22*y**2 + 3*y + 44*y**c. What is the units digit of d(-3)?
4
Suppose -3*k = -3*h - 3, 0 = -2*k - 3*h + 3 + 4. Suppose 4*j + 34 = k. Let l(t) = t**3 + 7*t**2 - 11*t + 3. What is the tens digit of l(j)?
2
Let d be 2/12 + (-80)/(-96). Let c be d*18 - (-8 - -10). What is the units digit of (-6 - -2) + 1 + c?
3
Let o = 77 - -2649. What is the thousands digit of o?
2
Suppose s + 1725 = -5*x - 169, -s = -x - 380. Let t = -260 - x. What is the units digit of t?
9
Let w be (-470)/(-4) + 1/(-2). Let h be (-16)/32 - 381/(-2). Let p = h - w. What is the units digit of p?
3
Let n = 108 + -50. Let q = 0 + n. What is the units digit of q?
8
What is the tens digit of (3 + 5 - 0)*26?
0
Let u(w) = -57*w + 6. Let t be u(4). Let a = 276 - 285. What is the units digit of t/a - 1/(-3)?
5
Let t(s) = -s - 17. Let g be t(-6). Let i(n) = n**2 + 8*n - 9. What is the units digit of i(g)?
4
Let t be (2/(-2))/((-2)/10). Suppose f - 16 = t*f. Let a = 9 + f. What is the units digit of a?
5
Suppose 0 = 5*g + 4 - 34. Suppose 3*h - 4*x = -g, -4*x + 22 = 6*h - h. Suppose -a - 1 = -5*k, 4*a + h*k = -k + 19. What is the units digit of a?
4
Let k(u) = -u**3 + 38*u**2 - 162*u + 25. What is the tens digit of k(30)?
6
Let j(t) = -t**3 + 16*t**2 - 12*t + 19. Let n be j(10). Suppose -n = -3*l + s + 338, 9 = -3*s. What is the hundreds digit of l?
2
Let s = 532 + -131. What is the hundreds digit of s?
4
Let z(b) = 39*b**3 + 2*b**2 + 27*b - 59. What is the units digit of z(4)?
7
Let z be 3*(-203)/21*2. Let h(m) = -m**3 - 3*m**2 + 5*m - 1. Let o be h(-5). Let x = o - z. What is the tens digit of x?
8
Let k = 6 + -5. Let p be 0*k*(-2)/4. Suppose -3*v - 4 + 13 = p. What is the units digit of v?
3
Suppose -27 - 9 = 4*k. Let d(o) = 4*o**2 + 10*o + 11. Let r(s) = -5*s**2 - 9*s - 11. Let b(q) = -4*d(q) - 3*r(q). What is the units digit of b(k)?
5
Let g = 19 - 19. Let m(s) = s**3 + s + 79. What is the units digit of m(g)?
9
Suppose -4599 = -27*u + 20*u. What is the hundreds digit of u?
6
Suppose 13 - 1 = 6*p. Suppose 4*y + 100 = 4*k, 2*k = -p*k + 2*y + 110. What is the tens digit of 1968/k + 2/5?
6
Let i = -26 + 93. What is the tens digit of i?
6
Let t = -290 + 293. Let s = 6 - -6. Let b = s - t. What is the units digit of b?
9
Let z = 555 - -425. What is the hundreds digit of z?
9
Suppose -5*k = -k - 3*s - 16, 4*k - 16 = -3*s. Let h be 2 + 4 - k - -9. Let u = h + 8. What is the units digit of u?
9
Let u(y) = 9 + 7*y + 6*y**2 - 7*y**2 - 2. Let d be u(6). What is the tens digit of d/26 - 134/(-4)?
3
Suppose -z + 134 = -136. What is the hundreds digit of z?
2
Let q = 55 + -24. Let i = -20 + 15. Let n = q + i. What is the units digit of n?
6
Let j = 15 - 13. Suppose 2*s - 5*g + 33 = 0, -j*s + 2*g = 2*s + 90. Let r = -20 - s. What is the units digit of r?
4
Suppose 4*a - c = -0*c + 1222, -4*a + 1226 = -3*c. Let m = -205 + a. What is the hundreds digit of m?
1
Let m(w) = 5*w**3 - 3*w**2 + 2. Let g be m(-1). What is the tens digit of (32 - 247)*g/10?
2
Let r be 0 + 1 + 0 + -55. Let q(n) = -n**2 - 35*n + 407. Let o be q(-42). Let z = o + r. What is the tens digit of z?
5
What is the thousands digit of (18/(-4))/(-3) - (-257355)/190?
1
Suppose -5*o - 9 + 284 = 0. Suppose -5*p - 4*b = -17, 2*p + 9*b - 5*b - 2 = 0. Suppose -2*f + 10*a = 5*a - o, p*f = -5*a + 50. What is the units digit of f?
5
Let l be 8 + -4 - 4 - -4. Suppose -d - 8 = -3*w - 91, w + l = 0. What is the tens digit of d?
7
Let l = -12 - -28. Suppose -2*m + 291 = s, -2*s + 351 = 5*m - 379. Suppose m = l*k - 12*k. What is the units digit of k?
7
Let j = 35 + -44. What is the units digit of (-48)/14*(j - -2)?
4
Let k(d) = -2*d**2 + 2*d + 2. Let h be k(0). Suppose -h*z + 3*v + 121 = 0, v + 174 = 3*z - 2*v. What is the units digit of z?
3
Suppose 5*u + 4*o - 13 = -83, 5*o = -2*u - 45. What is the hundreds digit of 4326/35 - 4/u?
1
Let p = -620 + 279. Let g = -223 - p. What is the tens digit of g?
1
Suppose 4*l + 3*i - 860 = 0, 428 = 2*l - 9*i + 10*i. What is the tens digit of l?
1
What is the tens digit of (-19 - -21)*4916/8?
2
Suppose 7*k - 4*k + 48 = 0. Suppose 2*n = -n + 75. Let s = n + k. What is the units digit of s?
9
Let a(z) = z**2 + 3*z - 4. Suppose 0 = -2*f - 2*j - 20, -3 = 2*j + 1. What is the units digit of a(f)?
6
Let i = 19 - 15. Suppose -i*z = 5*q - 844, -5*z + 156 = 2*q - 168. What is the hundreds digit of q?
1
Let k(g) = 3*g**2 - 81*g + 111. What is the units digit of k(31)?
3
Let x(u) = -13*u**3 + u. Let j be x(-1). What is the hundreds digit of -17 + j - (-139 - 0)?
1
Let z(o) = o**3 + 9*o**2 - 10*o + 5. What is the units digit of z(-10)?
5
Suppose -3*w + 4*w = 313. Let t = -110 + w. What is the hundreds digit of t?
2
Suppose -3*k + 2*l - 10 = -4*k, 4*k - 25 = -5*l. Suppose v - 14 + 12 = k. Suppos